{"id":34,"date":"2025-10-17T13:57:34","date_gmt":"2025-10-17T13:57:34","guid":{"rendered":"https:\/\/incuba.azores.gov.pt\/ForumAPR2025\/?post_type=tema&#038;p=34"},"modified":"2025-10-30T16:53:08","modified_gmt":"2025-10-30T16:53:08","slug":"incuba-acores-3-anos-a-trabalhar-fora-da-caixa","status":"publish","type":"tema","link":"https:\/\/incuba.azores.gov.pt\/ForumAPR2025\/tema\/incuba-acores-3-anos-a-trabalhar-fora-da-caixa\/","title":{"rendered":"Painel 4: Inova\u00e7\u00e3o na Administra\u00e7\u00e3o P\u00fablica: Laborat\u00f3rios de Inova\u00e7\u00e3o"},"content":{"rendered":"<p><em>Jorge Lagarto<\/em>\u00a0&#8211; Diretor do LabX\u00a0&#8211; Centro para a Inova\u00e7\u00e3o no Setor P\u00fablico<\/p>\n<p><em>Cristina Mendes<\/em>\u00a0&#8211; Coordenadora do Laborat\u00f3rio de Experimenta\u00e7\u00e3o Municipal da C\u00e2mara Municipal de Lisboa<\/p>\n<p><em>Ana Laranjeira<\/em>\u00a0&#8211; Coordenadora do Incuba.A\u00e7ores<\/p>\n<p><em>Kenjiro\u00a0Taniguchi<\/em>\u00a0\u2013 Analista de pol\u00edticas p\u00fablicas da Organiza\u00e7\u00e3o para a Coopera\u00e7\u00e3o e Desenvolvimento Econ\u00f3mico<\/p>\n<p><em>Nelson Dias<\/em>\u00a0&#8211; Consultor do Banco Mundial<\/p>\n","protected":false},"featured_media":245,"template":"","meta":{"_acf_changed":false},"forum":[2],"class_list":["post-34","tema","type-tema","status-publish","has-post-thumbnail","hentry"],"acf":[],"_links":{"self":[{"href":"https:\/\/incuba.azores.gov.pt\/ForumAPR2025\/wp-json\/wp\/v2\/tema\/34","targetHints":{"allow":["GET"]}}],"collection":[{"href":"https:\/\/incuba.azores.gov.pt\/ForumAPR2025\/wp-json\/wp\/v2\/tema"}],"about":[{"href":"https:\/\/incuba.azores.gov.pt\/ForumAPR2025\/wp-json\/wp\/v2\/types\/tema"}],"wp:featuredmedia":[{"embeddable":true,"href":"https:\/\/incuba.azores.gov.pt\/ForumAPR2025\/wp-json\/wp\/v2\/media\/245"}],"wp:attachment":[{"href":"https:\/\/incuba.azores.gov.pt\/ForumAPR2025\/wp-json\/wp\/v2\/media?parent=34"}],"wp:term":[{"taxonomy":"forum","embeddable":true,"href":"https:\/\/incuba.azores.gov.pt\/ForumAPR2025\/wp-json\/wp\/v2\/forum?post=34"}],"curies":[{"name":"wp","href":"https:\/\/api.w.org\/{rel}","templated":true}]}}

Painel 4: Inovação na Administração Pública: Laboratórios de Inovação

<p><em>Jorge Lagarto</em> &#8211; Diretor do LabX &#8211; Centro para a Inovação no Setor Público</p>
<p><em>Cristina Mendes</em> &#8211; Coordenadora do Laboratório de Experimentação Municipal da Câmara Municipal de Lisboa</p>
<p><em>Ana Laranjeira</em> &#8211; Coordenadora do Incuba.Açores</p>
<p><em>Kenjiro Taniguchi</em> – Analista de políticas públicas da Organização para a Cooperação e Desenvolvimento Económico</p>
<p><em>Nelson Dias</em> &#8211; Consultor do Banco Mundial</p>
