{"id":32,"date":"2025-10-17T13:56:00","date_gmt":"2025-10-17T13:56:00","guid":{"rendered":"https:\/\/incuba.azores.gov.pt\/ForumAPR2025\/?post_type=tema&#038;p=32"},"modified":"2025-10-30T16:52:25","modified_gmt":"2025-10-30T16:52:25","slug":"administracao-publica-futuro-principais-conclusoes-do-estudo","status":"publish","type":"tema","link":"https:\/\/incuba.azores.gov.pt\/ForumAPR2025\/tema\/administracao-publica-futuro-principais-conclusoes-do-estudo\/","title":{"rendered":"Painel 2: O futuro da Administra\u00e7\u00e3o P\u00fablica Regional: Novos perfis"},"content":{"rendered":"<p>Guilherme Victorino &#8211; Diretor do Innovation &amp; Analytics Lab, Universidade Nova de Lisboa<\/p>\n<p><em>Alexandra Viveiros<\/em>\u00a0&#8211; Coordenadora do Grupo de trabalho respons\u00e1vel pelo estudo do rejuvenescimento na APR<\/p>\n<p><em>Jo\u00e3o Martins<\/em>\u00a0&#8211; Professor Auxiliar da Nova IMS, Universidade Nova de Lisboa<\/p>\n<p><em>Fl\u00e1vio Tiago<\/em>\u00a0&#8211; Coordenador do Departamento de Gest\u00e3o, Universidade dos A\u00e7ores<\/p>\n<p><em>Acir Meireles<\/em>\u00a0&#8211; Presidente do Conselho Diretivo do Centro de Qualifica\u00e7\u00e3o dos A\u00e7ores<\/p>\n","protected":false},"featured_media":245,"template":"","meta":{"_acf_changed":false},"forum":[2],"class_list":["post-32","tema","type-tema","status-publish","has-post-thumbnail","hentry"],"acf":[],"_links":{"self":[{"href":"https:\/\/incuba.azores.gov.pt\/ForumAPR2025\/wp-json\/wp\/v2\/tema\/32","targetHints":{"allow":["GET"]}}],"collection":[{"href":"https:\/\/incuba.azores.gov.pt\/ForumAPR2025\/wp-json\/wp\/v2\/tema"}],"about":[{"href":"https:\/\/incuba.azores.gov.pt\/ForumAPR2025\/wp-json\/wp\/v2\/types\/tema"}],"wp:featuredmedia":[{"embeddable":true,"href":"https:\/\/incuba.azores.gov.pt\/ForumAPR2025\/wp-json\/wp\/v2\/media\/245"}],"wp:attachment":[{"href":"https:\/\/incuba.azores.gov.pt\/ForumAPR2025\/wp-json\/wp\/v2\/media?parent=32"}],"wp:term":[{"taxonomy":"forum","embeddable":true,"href":"https:\/\/incuba.azores.gov.pt\/ForumAPR2025\/wp-json\/wp\/v2\/forum?post=32"}],"curies":[{"name":"wp","href":"https:\/\/api.w.org\/{rel}","templated":true}]}}

Painel 2: O futuro da Administração Pública Regional: Novos perfis

<p>Guilherme Victorino &#8211; Diretor do Innovation &amp; Analytics Lab, Universidade Nova de Lisboa</p>
<p><em>Alexandra Viveiros</em> &#8211; Coordenadora do Grupo de trabalho responsável pelo estudo do rejuvenescimento na APR</p>
<p><em>João Martins</em> &#8211; Professor Auxiliar da Nova IMS, Universidade Nova de Lisboa</p>
<p><em>Flávio Tiago</em> &#8211; Coordenador do Departamento de Gestão, Universidade dos Açores</p>
<p><em>Acir Meireles</em> &#8211; Presidente do Conselho Diretivo do Centro de Qualificação dos Açores</p>
