{"id":31,"date":"2025-10-17T13:54:56","date_gmt":"2025-10-17T13:54:56","guid":{"rendered":"https:\/\/incuba.azores.gov.pt\/ForumAPR2025\/?post_type=tema&#038;p=31"},"modified":"2025-10-30T16:51:50","modified_gmt":"2025-10-30T16:51:50","slug":"projeto-piloto-da-semana-dos-4-dias-na-apr-dos-acores","status":"publish","type":"tema","link":"https:\/\/incuba.azores.gov.pt\/ForumAPR2025\/tema\/projeto-piloto-da-semana-dos-4-dias-na-apr-dos-acores\/","title":{"rendered":"Painel 1: Novos modelos de trabalho na APR"},"content":{"rendered":"<p><em>D\u00e9lio Borges\u00a0<\/em>&#8211; Diretor Regional de Organiza\u00e7\u00e3o, Planeamento e Emprego P\u00fablico<\/p>\n<p><em>Clara Ganh\u00e3o\u00a0<\/em>&#8211; Chefe de Divis\u00e3o de Administra\u00e7\u00e3o Geral da C\u00e2mara Municipal da Lagoa<\/p>\n<p><em>Rita Fontinha<\/em>\u00a0&#8211; Professora Associada na Henley Business School, Universidade de Reading<\/p>\n<p><em>Rolando Lalanda\u00a0Gon\u00e7alves\u00a0<\/em>&#8211; Professor Associado da Faculdade de Ci\u00eancias Sociais e Humanas, Universidade dos A\u00e7ores<\/p>\n<p><em>Rui D\u00e2maso<\/em>\u00a0&#8211; S\u00f3cio Gerente da Empresa Dinarte\u00a0D\u00e2maso &amp; Filhos<\/p>\n","protected":false},"featured_media":245,"template":"","meta":{"_acf_changed":false},"forum":[2],"class_list":["post-31","tema","type-tema","status-publish","has-post-thumbnail","hentry"],"acf":[],"_links":{"self":[{"href":"https:\/\/incuba.azores.gov.pt\/ForumAPR2025\/wp-json\/wp\/v2\/tema\/31","targetHints":{"allow":["GET"]}}],"collection":[{"href":"https:\/\/incuba.azores.gov.pt\/ForumAPR2025\/wp-json\/wp\/v2\/tema"}],"about":[{"href":"https:\/\/incuba.azores.gov.pt\/ForumAPR2025\/wp-json\/wp\/v2\/types\/tema"}],"wp:featuredmedia":[{"embeddable":true,"href":"https:\/\/incuba.azores.gov.pt\/ForumAPR2025\/wp-json\/wp\/v2\/media\/245"}],"wp:attachment":[{"href":"https:\/\/incuba.azores.gov.pt\/ForumAPR2025\/wp-json\/wp\/v2\/media?parent=31"}],"wp:term":[{"taxonomy":"forum","embeddable":true,"href":"https:\/\/incuba.azores.gov.pt\/ForumAPR2025\/wp-json\/wp\/v2\/forum?post=31"}],"curies":[{"name":"wp","href":"https:\/\/api.w.org\/{rel}","templated":true}]}}

<p><em>Délio Borges </em>&#8211; Diretor Regional de Organização, Planeamento e Emprego Público</p>
<p><em>Clara Ganhão </em>&#8211; Chefe de Divisão de Administração Geral da Câmara Municipal da Lagoa</p>
<p><em>Rita Fontinha</em> &#8211; Professora Associada na Henley Business School, Universidade de Reading</p>
<p><em>Rolando Lalanda Gonçalves </em>&#8211; Professor Associado da Faculdade de Ciências Sociais e Humanas, Universidade dos Açores</p>
<p><em>Rui Dâmaso</em> &#8211; Sócio Gerente da Empresa Dinarte Dâmaso &amp; Filhos</p>
