{"id":46,"date":"2025-10-17T14:07:20","date_gmt":"2025-10-17T14:07:20","guid":{"rendered":"https:\/\/incuba.azores.gov.pt\/ForumAPR2025\/?post_type=orador&#038;p=46"},"modified":"2025-11-14T17:11:08","modified_gmt":"2025-11-14T17:11:08","slug":"rui-damaso","status":"publish","type":"orador","link":"https:\/\/incuba.azores.gov.pt\/ForumAPR2025\/orador\/rui-damaso\/","title":{"rendered":"Rui D\u00e2maso"},"content":{"rendered":"<p>Rui D\u00e2maso iniciou o seu percurso profissional na \u00e1rea da Educa\u00e7\u00e3o F\u00edsica, movido por uma forte paix\u00e3o pelo desporto \u2014 um dom\u00ednio que lhe transmitiu valores essenciais como a disciplina, o trabalho em equipa e a resili\u00eancia, que hoje orientam a sua forma de liderar.<\/p>\n<p>Em 2003, assumiu a dire\u00e7\u00e3o da <strong>Dinarte D\u00e2maso<\/strong>, dando continuidade ao legado iniciado pelo fundador, Dinarte D\u00e2maso, em 1992. Desde ent\u00e3o, tem conduzido a empresa com o objetivo de preservar a sua tradi\u00e7\u00e3o familiar, refor\u00e7ando, em simult\u00e2neo, o compromisso com a sa\u00fade, o bem-estar e a sustentabilidade.<\/p>\n<p>Sob a sua lideran\u00e7a, a organiza\u00e7\u00e3o tem vindo a consolidar a sua posi\u00e7\u00e3o no setor, atrav\u00e9s da implementa\u00e7\u00e3o de pr\u00e1ticas de gest\u00e3o modernas e da aposta cont\u00ednua na qualidade, na inova\u00e7\u00e3o e na responsabilidade social e ambiental.<\/p>\n","protected":false},"featured_media":237,"parent":0,"template":"","meta":{"_acf_changed":false},"forum":[2],"class_list":["post-46","orador","type-orador","status-publish","has-post-thumbnail","hentry"],"acf":[],"_links":{"self":[{"href":"https:\/\/incuba.azores.gov.pt\/ForumAPR2025\/wp-json\/wp\/v2\/orador\/46","targetHints":{"allow":["GET"]}}],"collection":[{"href":"https:\/\/incuba.azores.gov.pt\/ForumAPR2025\/wp-json\/wp\/v2\/orador"}],"about":[{"href":"https:\/\/incuba.azores.gov.pt\/ForumAPR2025\/wp-json\/wp\/v2\/types\/orador"}],"wp:featuredmedia":[{"embeddable":true,"href":"https:\/\/incuba.azores.gov.pt\/ForumAPR2025\/wp-json\/wp\/v2\/media\/237"}],"wp:attachment":[{"href":"https:\/\/incuba.azores.gov.pt\/ForumAPR2025\/wp-json\/wp\/v2\/media?parent=46"}],"wp:term":[{"taxonomy":"forum","embeddable":true,"href":"https:\/\/incuba.azores.gov.pt\/ForumAPR2025\/wp-json\/wp\/v2\/forum?post=46"}],"curies":[{"name":"wp","href":"https:\/\/api.w.org\/{rel}","templated":true}]}}

Rui Dâmaso

<p>Rui Dâmaso iniciou o seu percurso profissional na área da Educação Física, movido por uma forte paixão pelo desporto — um domínio que lhe transmitiu valores essenciais como a disciplina, o trabalho em equipa e a resiliência, que hoje orientam a sua forma de liderar.</p>
<p>Em 2003, assumiu a direção da <strong>Dinarte Dâmaso</strong>, dando continuidade ao legado iniciado pelo fundador, Dinarte Dâmaso, em 1992. Desde então, tem conduzido a empresa com o objetivo de preservar a sua tradição familiar, reforçando, em simultâneo, o compromisso com a saúde, o bem-estar e a sustentabilidade.</p>
<p>Sob a sua liderança, a organização tem vindo a consolidar a sua posição no setor, através da implementação de práticas de gestão modernas e da aposta contínua na qualidade, na inovação e na responsabilidade social e ambiental.</p>
