{"id":280,"date":"2025-10-30T17:13:05","date_gmt":"2025-10-30T17:13:05","guid":{"rendered":"https:\/\/incuba.azores.gov.pt\/ForumAPR2025\/?post_type=orador&#038;p=280"},"modified":"2025-10-31T10:13:06","modified_gmt":"2025-10-31T10:13:06","slug":"alexandra-viveiros","status":"publish","type":"orador","link":"https:\/\/incuba.azores.gov.pt\/ForumAPR2025\/orador\/alexandra-viveiros\/","title":{"rendered":"Alexandra Viveiros"},"content":{"rendered":"<p>Alexandra Viveiros \u00e9 licenciada em Direito pela Faculdade de Direito da Universidade de Lisboa, com p\u00f3s-gradua\u00e7\u00e3o em Direito Regional e diplomada com o Curso de Estudos Avan\u00e7ados em Gest\u00e3o P\u00fablica.<\/p>\n<p>Iniciou o seu percurso profissional como jurista na Dire\u00e7\u00e3o-Geral da Administra\u00e7\u00e3o e Emprego P\u00fablico, tendo posteriormente integrado os quadros da Inspe\u00e7\u00e3o Regional do Trabalho, como inspetora do trabalho.<\/p>\n<p>Foi vereadora a tempo inteiro na C\u00e2mara Municipal de Ponta Delgada, com responsabilidades pelo pelouro dos Recursos Humanos, entre outros.<\/p>\n<p>Atualmente, \u00e9 T\u00e9cnica Superior Especialista no Gabinete do Secret\u00e1rio Regional das Finan\u00e7as, Planeamento e Administra\u00e7\u00e3o P\u00fablica, com compet\u00eancias na \u00e1rea dos recursos humanos e onde coordena o Grupo de Trabalho para o Planeamento e Rejuvenescimento da Administra\u00e7\u00e3o P\u00fablica Regional dos A\u00e7ores.<\/p>\n","protected":false},"featured_media":285,"parent":0,"template":"","meta":{"_acf_changed":false},"forum":[2],"class_list":["post-280","orador","type-orador","status-publish","has-post-thumbnail","hentry"],"acf":[],"_links":{"self":[{"href":"https:\/\/incuba.azores.gov.pt\/ForumAPR2025\/wp-json\/wp\/v2\/orador\/280","targetHints":{"allow":["GET"]}}],"collection":[{"href":"https:\/\/incuba.azores.gov.pt\/ForumAPR2025\/wp-json\/wp\/v2\/orador"}],"about":[{"href":"https:\/\/incuba.azores.gov.pt\/ForumAPR2025\/wp-json\/wp\/v2\/types\/orador"}],"wp:featuredmedia":[{"embeddable":true,"href":"https:\/\/incuba.azores.gov.pt\/ForumAPR2025\/wp-json\/wp\/v2\/media\/285"}],"wp:attachment":[{"href":"https:\/\/incuba.azores.gov.pt\/ForumAPR2025\/wp-json\/wp\/v2\/media?parent=280"}],"wp:term":[{"taxonomy":"forum","embeddable":true,"href":"https:\/\/incuba.azores.gov.pt\/ForumAPR2025\/wp-json\/wp\/v2\/forum?post=280"}],"curies":[{"name":"wp","href":"https:\/\/api.w.org\/{rel}","templated":true}]}}

<p>Alexandra Viveiros é licenciada em Direito pela Faculdade de Direito da Universidade de Lisboa, com pós-graduação em Direito Regional e diplomada com o Curso de Estudos Avançados em Gestão Pública.</p>
<p>Iniciou o seu percurso profissional como jurista na Direção-Geral da Administração e Emprego Público, tendo posteriormente integrado os quadros da Inspeção Regional do Trabalho, como inspetora do trabalho.</p>
<p>Foi vereadora a tempo inteiro na Câmara Municipal de Ponta Delgada, com responsabilidades pelo pelouro dos Recursos Humanos, entre outros.</p>
<p>Atualmente, é Técnica Superior Especialista no Gabinete do Secretário Regional das Finanças, Planeamento e Administração Pública, com competências na área dos recursos humanos e onde coordena o Grupo de Trabalho para o Planeamento e Rejuvenescimento da Administração Pública Regional dos Açores.</p>
