{"id":264,"date":"2025-10-29T15:07:27","date_gmt":"2025-10-29T15:07:27","guid":{"rendered":"https:\/\/incuba.azores.gov.pt\/ForumAPR2025\/?post_type=orador&#038;p=264"},"modified":"2025-10-30T16:59:20","modified_gmt":"2025-10-30T16:59:20","slug":"jorge-lagarto","status":"publish","type":"orador","link":"https:\/\/incuba.azores.gov.pt\/ForumAPR2025\/orador\/jorge-lagarto\/","title":{"rendered":"Jorge Lagarto"},"content":{"rendered":"<p>Jorge Lagarto, \u00e9 Diretor do LabX \u2013 Centro para a Inova\u00e7\u00e3o no Setor P\u00fablico A Ag\u00eancia para a Reforma Tecnol\u00f3gica do Estado, I.P. (ARTE). \u00c0 frente do LabX, conduz projetos de \u00b4pesquisa, cocria\u00e7\u00e3o e experimenta\u00e7\u00e3o envolvendo funcion\u00e1rios p\u00fablicos, cidad\u00e3os e especialistas, refor\u00e7ando uma cultura de inova\u00e7\u00e3o colaborativa ao servi\u00e7o do Estado. \u00c9 licenciado em Engenharia do Ambiente, com especializa\u00e7\u00e3o em Pedagogia do eLearning e Design Instrucional, conta j\u00e1 com largos anos de experi\u00eancia no setor p\u00fablico, em particular nas \u00e1reas da inova\u00e7\u00e3o, transforma\u00e7\u00e3o digital e design de servi\u00e7os.<\/p>\n","protected":false},"featured_media":269,"parent":0,"template":"","meta":{"_acf_changed":false},"forum":[2],"class_list":["post-264","orador","type-orador","status-publish","has-post-thumbnail","hentry"],"acf":[],"_links":{"self":[{"href":"https:\/\/incuba.azores.gov.pt\/ForumAPR2025\/wp-json\/wp\/v2\/orador\/264","targetHints":{"allow":["GET"]}}],"collection":[{"href":"https:\/\/incuba.azores.gov.pt\/ForumAPR2025\/wp-json\/wp\/v2\/orador"}],"about":[{"href":"https:\/\/incuba.azores.gov.pt\/ForumAPR2025\/wp-json\/wp\/v2\/types\/orador"}],"wp:featuredmedia":[{"embeddable":true,"href":"https:\/\/incuba.azores.gov.pt\/ForumAPR2025\/wp-json\/wp\/v2\/media\/269"}],"wp:attachment":[{"href":"https:\/\/incuba.azores.gov.pt\/ForumAPR2025\/wp-json\/wp\/v2\/media?parent=264"}],"wp:term":[{"taxonomy":"forum","embeddable":true,"href":"https:\/\/incuba.azores.gov.pt\/ForumAPR2025\/wp-json\/wp\/v2\/forum?post=264"}],"curies":[{"name":"wp","href":"https:\/\/api.w.org\/{rel}","templated":true}]}}

<p>Jorge Lagarto, é Diretor do LabX – Centro para a Inovação no Setor Público A Agência para a Reforma Tecnológica do Estado, I.P. (ARTE). À frente do LabX, conduz projetos de ´pesquisa, cocriação e experimentação envolvendo funcionários públicos, cidadãos e especialistas, reforçando uma cultura de inovação colaborativa ao serviço do Estado. É licenciado em Engenharia do Ambiente, com especialização em Pedagogia do eLearning e Design Instrucional, conta já com largos anos de experiência no setor público, em particular nas áreas da inovação, transformação digital e design de serviços.</p>
