{"id":262,"date":"2025-10-29T14:57:26","date_gmt":"2025-10-29T14:57:26","guid":{"rendered":"https:\/\/incuba.azores.gov.pt\/ForumAPR2025\/?post_type=orador&#038;p=262"},"modified":"2025-10-29T15:17:56","modified_gmt":"2025-10-29T15:17:56","slug":"acir-meirelles","status":"publish","type":"orador","link":"https:\/\/incuba.azores.gov.pt\/ForumAPR2025\/orador\/acir-meirelles\/","title":{"rendered":"Acir Meirelles"},"content":{"rendered":"<p>Acir Meirelles \u00e9 funcion\u00e1rio p\u00fablico desde 1998, tendo sempre trabalhado em atividades relacionadas com a forma\u00e7\u00e3o profissional. Foi coordenador do Programa Formativo de Inser\u00e7\u00e3o de Jovens (PROFIJ), Vice-Presidente da Associa\u00e7\u00e3o A\u00e7oriana de Forma\u00e7\u00e3o Tur\u00edstica e Hoteleira, Diretor pedag\u00f3gico da Escola Profissional de Capelas, Coordenador da Rede Valorizar e, atualmente, \u00e9 Presidente do Conselho Diretivo do Centro de Qualifica\u00e7\u00e3o dos A\u00e7ores, IPRA. Durante 10 anos teve sob a sua responsabilidade o CEFAPA.<\/p>\n","protected":false},"featured_media":267,"parent":0,"template":"","meta":{"_acf_changed":false},"forum":[2],"class_list":["post-262","orador","type-orador","status-publish","has-post-thumbnail","hentry"],"acf":[],"_links":{"self":[{"href":"https:\/\/incuba.azores.gov.pt\/ForumAPR2025\/wp-json\/wp\/v2\/orador\/262","targetHints":{"allow":["GET"]}}],"collection":[{"href":"https:\/\/incuba.azores.gov.pt\/ForumAPR2025\/wp-json\/wp\/v2\/orador"}],"about":[{"href":"https:\/\/incuba.azores.gov.pt\/ForumAPR2025\/wp-json\/wp\/v2\/types\/orador"}],"wp:featuredmedia":[{"embeddable":true,"href":"https:\/\/incuba.azores.gov.pt\/ForumAPR2025\/wp-json\/wp\/v2\/media\/267"}],"wp:attachment":[{"href":"https:\/\/incuba.azores.gov.pt\/ForumAPR2025\/wp-json\/wp\/v2\/media?parent=262"}],"wp:term":[{"taxonomy":"forum","embeddable":true,"href":"https:\/\/incuba.azores.gov.pt\/ForumAPR2025\/wp-json\/wp\/v2\/forum?post=262"}],"curies":[{"name":"wp","href":"https:\/\/api.w.org\/{rel}","templated":true}]}}

<p>Acir Meirelles é funcionário público desde 1998, tendo sempre trabalhado em atividades relacionadas com a formação profissional. Foi coordenador do Programa Formativo de Inserção de Jovens (PROFIJ), Vice-Presidente da Associação Açoriana de Formação Turística e Hoteleira, Diretor pedagógico da Escola Profissional de Capelas, Coordenador da Rede Valorizar e, atualmente, é Presidente do Conselho Diretivo do Centro de Qualificação dos Açores, IPRA. Durante 10 anos teve sob a sua responsabilidade o CEFAPA.</p>
