{"id":260,"date":"2025-10-29T13:13:39","date_gmt":"2025-10-29T13:13:39","guid":{"rendered":"https:\/\/incuba.azores.gov.pt\/ForumAPR2025\/?post_type=orador&#038;p=260"},"modified":"2025-10-29T15:16:18","modified_gmt":"2025-10-29T15:16:18","slug":"rolando-lalanda-goncalves","status":"publish","type":"orador","link":"https:\/\/incuba.azores.gov.pt\/ForumAPR2025\/orador\/rolando-lalanda-goncalves\/","title":{"rendered":"Rolando Lalanda Gon\u00e7alves"},"content":{"rendered":"<p>Nascido em Ponta Delgada, S\u00e3o Miguel, A\u00e7ores, em 1959, \u00e9 desde 2020 Professor Associado, na \u00e1rea da Sociologia Econ\u00f3mica, do Trabalho e das Organiza\u00e7\u00f5es, da Universidade dos A\u00e7ores (aposentado); Foi Subsecret\u00e1rio Regional da Coopera\u00e7\u00e3o Externa do Governo Regional dos A\u00e7ores de 1988 a 1995 e Deputado \u00e0 Assembleia da Rep\u00fablica de 1995 a 1999; Foi Diretor do Departamento de Sociologia (2016-2018), da Biblioteca Arquivo e Museu (2018-2022), e Presidente da Assembleia da Faculdade de Ci\u00eancias Sociais e Humanas da Universidade dos A\u00e7ores (2019-2023). Foi membro da dire\u00e7\u00e3o do Observat\u00f3rio da Juventude dos A\u00e7ores (2011-2018). Coordenou a publica\u00e7\u00e3o de livros, publicou artigos em revistas nacionais e internacionais e orientou teses de Mestrado e de Doutoramento. Presentemente coordena o projeto de investiga\u00e7\u00e3o YouthOnline no Observat\u00f3rio da Juventude dos A\u00e7ores. \u00c9 membro associado do CICSNOVA.UAc; membro fundador do CICS.UAc e membro das seguintes associa\u00e7\u00f5es APS (Associa\u00e7\u00e3o Portuguesa de Sociologia); Associa\u00e7\u00e3o dos Profissionais em Sociologia Industrial, das Organiza\u00e7\u00f5es e do Trabalho (APSIOT) e da SOPCOM (Associa\u00e7\u00e3o Portuguesa de Ci\u00eancias da Comunica\u00e7\u00e3o).<\/p>\n","protected":false},"featured_media":265,"parent":0,"template":"","meta":{"_acf_changed":false},"forum":[2],"class_list":["post-260","orador","type-orador","status-publish","has-post-thumbnail","hentry"],"acf":[],"_links":{"self":[{"href":"https:\/\/incuba.azores.gov.pt\/ForumAPR2025\/wp-json\/wp\/v2\/orador\/260","targetHints":{"allow":["GET"]}}],"collection":[{"href":"https:\/\/incuba.azores.gov.pt\/ForumAPR2025\/wp-json\/wp\/v2\/orador"}],"about":[{"href":"https:\/\/incuba.azores.gov.pt\/ForumAPR2025\/wp-json\/wp\/v2\/types\/orador"}],"wp:featuredmedia":[{"embeddable":true,"href":"https:\/\/incuba.azores.gov.pt\/ForumAPR2025\/wp-json\/wp\/v2\/media\/265"}],"wp:attachment":[{"href":"https:\/\/incuba.azores.gov.pt\/ForumAPR2025\/wp-json\/wp\/v2\/media?parent=260"}],"wp:term":[{"taxonomy":"forum","embeddable":true,"href":"https:\/\/incuba.azores.gov.pt\/ForumAPR2025\/wp-json\/wp\/v2\/forum?post=260"}],"curies":[{"name":"wp","href":"https:\/\/api.w.org\/{rel}","templated":true}]}}

Rolando Lalanda Gonçalves

<p>Nascido em Ponta Delgada, São Miguel, Açores, em 1959, é desde 2020 Professor Associado, na área da Sociologia Económica, do Trabalho e das Organizações, da Universidade dos Açores (aposentado); Foi Subsecretário Regional da Cooperação Externa do Governo Regional dos Açores de 1988 a 1995 e Deputado à Assembleia da República de 1995 a 1999; Foi Diretor do Departamento de Sociologia (2016-2018), da Biblioteca Arquivo e Museu (2018-2022), e Presidente da Assembleia da Faculdade de Ciências Sociais e Humanas da Universidade dos Açores (2019-2023). Foi membro da direção do Observatório da Juventude dos Açores (2011-2018). Coordenou a publicação de livros, publicou artigos em revistas nacionais e internacionais e orientou teses de Mestrado e de Doutoramento. Presentemente coordena o projeto de investigação YouthOnline no Observatório da Juventude dos Açores. É membro associado do CICSNOVA.UAc; membro fundador do CICS.UAc e membro das seguintes associações APS (Associação Portuguesa de Sociologia); Associação dos Profissionais em Sociologia Industrial, das Organizações e do Trabalho (APSIOT) e da SOPCOM (Associação Portuguesa de Ciências da Comunicação).</p>
