{"id":258,"date":"2025-10-28T18:05:06","date_gmt":"2025-10-28T18:05:06","guid":{"rendered":"https:\/\/incuba.azores.gov.pt\/ForumAPR2025\/?post_type=orador&#038;p=258"},"modified":"2025-11-11T16:03:01","modified_gmt":"2025-11-11T16:03:01","slug":"ana-laranjeira","status":"publish","type":"orador","link":"https:\/\/incuba.azores.gov.pt\/ForumAPR2025\/orador\/ana-laranjeira\/","title":{"rendered":"Ana Laranjeira"},"content":{"rendered":"<p>Ana Margarida Teixeira Laranjeira tem Mestrado em Gest\u00e3o P\u00fablica e Licenciatura em Organiza\u00e7\u00e3o e Gest\u00e3o de Empresas, ambos na Universidade dos A\u00e7ores.<\/p>\n<p>Exerce fun\u00e7\u00f5es como coordenadora do INCUBA.A\u00e7ores \u2013 Laborat\u00f3rio de Experimenta\u00e7\u00e3o da Administra\u00e7\u00e3o P\u00fablica Regional dos A\u00e7ores, desde mar\u00e7o de 2022, gestora de investimento do Investimento TD-C19-i06-RAA \u201cModerniza\u00e7\u00e3o e Digitaliza\u00e7\u00e3o da Administra\u00e7\u00e3o P\u00fablica Regional \u2013 A\u00e7ores\u201d, do PRR-A\u00e7ores, desde novembro de 2021, coordena a Estrutura de Miss\u00e3o de Moderniza\u00e7\u00e3o e Reforma da Administra\u00e7\u00e3o P\u00fablica, desde fevereiro de 2017, mas tendo anteriormente, em fevereiro de 2016 e 2016, desempenhado fun\u00e7\u00f5es como vogal do Conselho de Administra\u00e7\u00e3o do Hospital de Santo Esp\u00edrito da Ilha Terceira, EPER e, ainda, como dirigente na Dire\u00e7\u00e3o Regional de Organiza\u00e7\u00e3o e Administra\u00e7\u00e3o P\u00fablica, entre 2004 e 2015.<\/p>\n<p>Desde novembro de 2024, integra o Grupo de Trabalho para o Estudo e Planeamento do Rejuvenescimento da Administra\u00e7\u00e3o P\u00fablica Regional dos A\u00e7ores e o Grupo de Trabalho respons\u00e1vel por promover o estudo e a constru\u00e7\u00e3o do projeto piloto da semana dos quatro dias.<\/p>\n<p>\u00c9 ainda Membro Conselheiro da Ordem dos Economistas.<\/p>\n","protected":false},"featured_media":259,"parent":0,"template":"","meta":{"_acf_changed":false},"forum":[2],"class_list":["post-258","orador","type-orador","status-publish","has-post-thumbnail","hentry"],"acf":[],"_links":{"self":[{"href":"https:\/\/incuba.azores.gov.pt\/ForumAPR2025\/wp-json\/wp\/v2\/orador\/258","targetHints":{"allow":["GET"]}}],"collection":[{"href":"https:\/\/incuba.azores.gov.pt\/ForumAPR2025\/wp-json\/wp\/v2\/orador"}],"about":[{"href":"https:\/\/incuba.azores.gov.pt\/ForumAPR2025\/wp-json\/wp\/v2\/types\/orador"}],"wp:featuredmedia":[{"embeddable":true,"href":"https:\/\/incuba.azores.gov.pt\/ForumAPR2025\/wp-json\/wp\/v2\/media\/259"}],"wp:attachment":[{"href":"https:\/\/incuba.azores.gov.pt\/ForumAPR2025\/wp-json\/wp\/v2\/media?parent=258"}],"wp:term":[{"taxonomy":"forum","embeddable":true,"href":"https:\/\/incuba.azores.gov.pt\/ForumAPR2025\/wp-json\/wp\/v2\/forum?post=258"}],"curies":[{"name":"wp","href":"https:\/\/api.w.org\/{rel}","templated":true}]}}

<p>Ana Margarida Teixeira Laranjeira tem Mestrado em Gestão Pública e Licenciatura em Organização e Gestão de Empresas, ambos na Universidade dos Açores.</p>
<p>Exerce funções como coordenadora do INCUBA.Açores – Laboratório de Experimentação da Administração Pública Regional dos Açores, desde março de 2022, gestora de investimento do Investimento TD-C19-i06-RAA “Modernização e Digitalização da Administração Pública Regional – Açores”, do PRR-Açores, desde novembro de 2021, coordena a Estrutura de Missão de Modernização e Reforma da Administração Pública, desde fevereiro de 2017, mas tendo anteriormente, em fevereiro de 2016 e 2016, desempenhado funções como vogal do Conselho de Administração do Hospital de Santo Espírito da Ilha Terceira, EPER e, ainda, como dirigente na Direção Regional de Organização e Administração Pública, entre 2004 e 2015.</p>
<p>Desde novembro de 2024, integra o Grupo de Trabalho para o Estudo e Planeamento do Rejuvenescimento da Administração Pública Regional dos Açores e o Grupo de Trabalho responsável por promover o estudo e a construção do projeto piloto da semana dos quatro dias.</p>
<p>É ainda Membro Conselheiro da Ordem dos Economistas.</p>
