{"id":256,"date":"2025-10-28T18:01:52","date_gmt":"2025-10-28T18:01:52","guid":{"rendered":"https:\/\/incuba.azores.gov.pt\/ForumAPR2025\/?post_type=orador&#038;p=256"},"modified":"2025-11-13T17:00:34","modified_gmt":"2025-11-13T17:00:34","slug":"nelson-dias","status":"publish","type":"orador","link":"https:\/\/incuba.azores.gov.pt\/ForumAPR2025\/orador\/nelson-dias\/","title":{"rendered":"Nelson Dias"},"content":{"rendered":"<p>Especialista em Participa\u00e7\u00e3o P\u00fablica | Consultor internacional | Fundador e coordenador da Rede de Autarquias Participativas de Portugal | Autor de v\u00e1rias publica\u00e7\u00f5es<\/p>\n<p>&nbsp;<\/p>\n<p>Licenciado em Sociologia e Mestrado em Planeamento e Avalia\u00e7\u00e3o de Processos de Desenvolvimento, ambos pelo ISCTE. Grau de especialista na \u00e1rea de &#8220;Trabalho Social e Orienta\u00e7\u00e3o&#8221; atribu\u00eddo pelas Escolas Superiores de Educa\u00e7\u00e3o de Coimbra, Guarda e Santar\u00e9m.<\/p>\n<p>Como consultor do Banco Mundial, tem auxiliado na conce\u00e7\u00e3o, implementa\u00e7\u00e3o, monitoriza\u00e7\u00e3o e avalia\u00e7\u00e3o de or\u00e7amentos participativos em pa\u00edses de quatro continentes, a saber: M\u00e9xico, Mo\u00e7ambique, Federa\u00e7\u00e3o Russa e Uzbequist\u00e3o (desde 201).<\/p>\n<p>Foi consultor das Na\u00e7\u00f5es Unidas e do Governo de Cabo Verde para a implementa\u00e7\u00e3o do Or\u00e7amento Participativo em quatro munic\u00edpios cabo-verdianos (2007 a 2011).<\/p>\n<p>Tem vindo a assessorar o Governo de S\u00e3o Tom\u00e9 e Pr\u00edncipe e as C\u00e2maras Distritais na implementa\u00e7\u00e3o do Or\u00e7amento Participativo nesse pa\u00eds (desde 2021).<\/p>\n<p>Prestou consultoria ao Governo de Angola, \u00e0 Uni\u00e3o Europeia (Projecto de Apoio \u00e0 Sociedade Civil\u00a0 e \u00e0 Administra\u00e7\u00e3o Local em Angola) e ao Development Workshop Angola para a cria\u00e7\u00e3o de um Gui\u00e3o Metodol\u00f3gico para os Comit\u00e9s T\u00e9cnicos de Gest\u00e3o do Or\u00e7amento Participativo em Angola (2025).<\/p>\n<p>\u00c9 fundador e coordenador da Rede de Autarquias Participativas de Portugal, uma plataforma nacional que re\u00fane mais de 70 autarquias locais empenhadas na inova\u00e7\u00e3o democr\u00e1tica e na participa\u00e7\u00e3o dos cidad\u00e3os nos processos de decis\u00e3o (desde 2014).<\/p>\n<p>\u00c9 autor e coordenador de v\u00e1rios livros, entre os quais: Esperan\u00e7a Democr\u00e1tica \u2013 Or\u00e7amentos Participativos no Mundo, 2013 e 2018); Atlas Mundial do Or\u00e7amento Participativo, 2019 e 2021); Vinte Anos de Or\u00e7amento Participativo em Portugal, 2002-2022), Cuidadores do Territ\u00f3rio (2024).<\/p>\n<p>Em Portugal, tem liderado projetos inovadores de forma\u00e7\u00e3o, capacita\u00e7\u00e3o e dinamiza\u00e7\u00e3o de processos participativos com jovens, t\u00e9cnicos municipais e organiza\u00e7\u00f5es da sociedade civil.<\/p>\n<p>Tem sido convidado para dar palestras e outras apresenta\u00e7\u00f5es p\u00fablicas sobre o tema da democracia participativa em mais de 70 pa\u00edses.<\/p>\n<p>Foi assessor da Associa\u00e7\u00e3o Nacional de Munic\u00edpios de Mo\u00e7ambique para a elabora\u00e7\u00e3o da Estrat\u00e9gia Nacional de Governa\u00e7\u00e3o Participativa Municipal.<\/p>\n<p>Assessor do Instituto Portugu\u00eas do Desporto e Juventude, I.P., para a conce\u00e7\u00e3o do Or\u00e7amento Participativo Jovem a n\u00edvel nacional (2017 a 2019), bem como para a elabora\u00e7\u00e3o das Linhas Estrat\u00e9gicas para a Promo\u00e7\u00e3o da Participa\u00e7\u00e3o Juvenil em Portugal (2022-2024).<\/p>\n<p>\u00c9 professor convidado da Escola Superior de Educa\u00e7\u00e3o de Coimbra, onde lecciona a disciplina &#8220;Planeamento e Organiza\u00e7\u00e3o de Projetos&#8221;, no \u00e2mbito do Mestrado em Educa\u00e7\u00e3o de Adultos e Desenvolvimento Local e do Mestrado em Educa\u00e7\u00e3o e Lazer (desde 2010).<\/p>\n<p>\u00c9 membro fundador da Associa\u00e7\u00e3o Oficina, entidade do terceiro sector dedicada \u00e0s quest\u00f5es da democracia participativa e do planeamento e avalia\u00e7\u00e3o de pol\u00edticas p\u00fablicas, onde exerce atualmente o cargo de presidente da dire\u00e7\u00e3o.<\/p>\n","protected":false},"featured_media":257,"parent":0,"template":"","meta":{"_acf_changed":false},"forum":[2],"class_list":["post-256","orador","type-orador","status-publish","has-post-thumbnail","hentry"],"acf":[],"_links":{"self":[{"href":"https:\/\/incuba.azores.gov.pt\/ForumAPR2025\/wp-json\/wp\/v2\/orador\/256","targetHints":{"allow":["GET"]}}],"collection":[{"href":"https:\/\/incuba.azores.gov.pt\/ForumAPR2025\/wp-json\/wp\/v2\/orador"}],"about":[{"href":"https:\/\/incuba.azores.gov.pt\/ForumAPR2025\/wp-json\/wp\/v2\/types\/orador"}],"wp:featuredmedia":[{"embeddable":true,"href":"https:\/\/incuba.azores.gov.pt\/ForumAPR2025\/wp-json\/wp\/v2\/media\/257"}],"wp:attachment":[{"href":"https:\/\/incuba.azores.gov.pt\/ForumAPR2025\/wp-json\/wp\/v2\/media?parent=256"}],"wp:term":[{"taxonomy":"forum","embeddable":true,"href":"https:\/\/incuba.azores.gov.pt\/ForumAPR2025\/wp-json\/wp\/v2\/forum?post=256"}],"curies":[{"name":"wp","href":"https:\/\/api.w.org\/{rel}","templated":true}]}}

<p>Especialista em Participação Pública | Consultor internacional | Fundador e coordenador da Rede de Autarquias Participativas de Portugal | Autor de várias publicações</p>
<p>&nbsp;</p>
<p>Licenciado em Sociologia e Mestrado em Planeamento e Avaliação de Processos de Desenvolvimento, ambos pelo ISCTE. Grau de especialista na área de &#8220;Trabalho Social e Orientação&#8221; atribuído pelas Escolas Superiores de Educação de Coimbra, Guarda e Santarém.</p>
<p>Como consultor do Banco Mundial, tem auxiliado na conceção, implementação, monitorização e avaliação de orçamentos participativos em países de quatro continentes, a saber: México, Moçambique, Federação Russa e Uzbequistão (desde 201).</p>
<p>Foi consultor das Nações Unidas e do Governo de Cabo Verde para a implementação do Orçamento Participativo em quatro municípios cabo-verdianos (2007 a 2011).</p>
<p>Tem vindo a assessorar o Governo de São Tomé e Príncipe e as Câmaras Distritais na implementação do Orçamento Participativo nesse país (desde 2021).</p>
<p>Prestou consultoria ao Governo de Angola, à União Europeia (Projecto de Apoio à Sociedade Civil  e à Administração Local em Angola) e ao Development Workshop Angola para a criação de um Guião Metodológico para os Comités Técnicos de Gestão do Orçamento Participativo em Angola (2025).</p>
<p>É fundador e coordenador da Rede de Autarquias Participativas de Portugal, uma plataforma nacional que reúne mais de 70 autarquias locais empenhadas na inovação democrática e na participação dos cidadãos nos processos de decisão (desde 2014).</p>
<p>É autor e coordenador de vários livros, entre os quais: Esperança Democrática – Orçamentos Participativos no Mundo, 2013 e 2018); Atlas Mundial do Orçamento Participativo, 2019 e 2021); Vinte Anos de Orçamento Participativo em Portugal, 2002-2022), Cuidadores do Território (2024).</p>
<p>Em Portugal, tem liderado projetos inovadores de formação, capacitação e dinamização de processos participativos com jovens, técnicos municipais e organizações da sociedade civil.</p>
<p>Tem sido convidado para dar palestras e outras apresentações públicas sobre o tema da democracia participativa em mais de 70 países.</p>
<p>Foi assessor da Associação Nacional de Municípios de Moçambique para a elaboração da Estratégia Nacional de Governação Participativa Municipal.</p>
<p>Assessor do Instituto Português do Desporto e Juventude, I.P., para a conceção do Orçamento Participativo Jovem a nível nacional (2017 a 2019), bem como para a elaboração das Linhas Estratégicas para a Promoção da Participação Juvenil em Portugal (2022-2024).</p>
<p>É professor convidado da Escola Superior de Educação de Coimbra, onde lecciona a disciplina &#8220;Planeamento e Organização de Projetos&#8221;, no âmbito do Mestrado em Educação de Adultos e Desenvolvimento Local e do Mestrado em Educação e Lazer (desde 2010).</p>
<p>É membro fundador da Associação Oficina, entidade do terceiro sector dedicada às questões da democracia participativa e do planeamento e avaliação de políticas públicas, onde exerce atualmente o cargo de presidente da direção.</p>
