{"id":252,"date":"2025-10-28T17:33:25","date_gmt":"2025-10-28T17:33:25","guid":{"rendered":"https:\/\/incuba.azores.gov.pt\/ForumAPR2025\/?post_type=orador&#038;p=252"},"modified":"2025-10-31T11:33:18","modified_gmt":"2025-10-31T11:33:18","slug":"cristina-mendes","status":"publish","type":"orador","link":"https:\/\/incuba.azores.gov.pt\/ForumAPR2025\/orador\/cristina-mendes\/","title":{"rendered":"Cristina Mendes"},"content":{"rendered":"<p>Cristina Mendes integra o Lx LEM \u2013 Laborat\u00f3rio de Experimenta\u00e7\u00e3o Municipal da C\u00e2mara Municipal de Lisboa, desde a sua funda\u00e7\u00e3o, em 2020.<\/p>\n<p>Trabalha na gest\u00e3o de projetos de inova\u00e7\u00e3o, com enfoque na cocria\u00e7\u00e3o e experimenta\u00e7\u00e3o de solu\u00e7\u00f5es para a melhoria dos servi\u00e7os p\u00fablicos municipais.<\/p>\n<p>Com mais de 30 anos de experi\u00eancia na administra\u00e7\u00e3o local, tem desenvolvido atividade nas \u00e1reas da inova\u00e7\u00e3o e desenvolvimento organizacional, gest\u00e3o de desempenho, gest\u00e3o por processos, gest\u00e3o da mudan\u00e7a, forma\u00e7\u00e3o e comunica\u00e7\u00e3o interna.<\/p>\n<p>\u00c9 formadora certificada e coach, com uma s\u00f3lida experi\u00eancia em metodologias colaborativas e participativas, aplicadas \u00e0 moderniza\u00e7\u00e3o administrativa e ao refor\u00e7o da rela\u00e7\u00e3o entre a C\u00e2mara Municipal e os cidad\u00e3os.<\/p>\n","protected":false},"featured_media":253,"parent":0,"template":"","meta":{"_acf_changed":false},"forum":[2],"class_list":["post-252","orador","type-orador","status-publish","has-post-thumbnail","hentry"],"acf":[],"_links":{"self":[{"href":"https:\/\/incuba.azores.gov.pt\/ForumAPR2025\/wp-json\/wp\/v2\/orador\/252","targetHints":{"allow":["GET"]}}],"collection":[{"href":"https:\/\/incuba.azores.gov.pt\/ForumAPR2025\/wp-json\/wp\/v2\/orador"}],"about":[{"href":"https:\/\/incuba.azores.gov.pt\/ForumAPR2025\/wp-json\/wp\/v2\/types\/orador"}],"wp:featuredmedia":[{"embeddable":true,"href":"https:\/\/incuba.azores.gov.pt\/ForumAPR2025\/wp-json\/wp\/v2\/media\/253"}],"wp:attachment":[{"href":"https:\/\/incuba.azores.gov.pt\/ForumAPR2025\/wp-json\/wp\/v2\/media?parent=252"}],"wp:term":[{"taxonomy":"forum","embeddable":true,"href":"https:\/\/incuba.azores.gov.pt\/ForumAPR2025\/wp-json\/wp\/v2\/forum?post=252"}],"curies":[{"name":"wp","href":"https:\/\/api.w.org\/{rel}","templated":true}]}}

<p>Cristina Mendes integra o Lx LEM – Laboratório de Experimentação Municipal da Câmara Municipal de Lisboa, desde a sua fundação, em 2020.</p>
<p>Trabalha na gestão de projetos de inovação, com enfoque na cocriação e experimentação de soluções para a melhoria dos serviços públicos municipais.</p>
<p>Com mais de 30 anos de experiência na administração local, tem desenvolvido atividade nas áreas da inovação e desenvolvimento organizacional, gestão de desempenho, gestão por processos, gestão da mudança, formação e comunicação interna.</p>
<p>É formadora certificada e coach, com uma sólida experiência em metodologias colaborativas e participativas, aplicadas à modernização administrativa e ao reforço da relação entre a Câmara Municipal e os cidadãos.</p>
