{"id":248,"date":"2025-10-28T15:24:08","date_gmt":"2025-10-28T15:24:08","guid":{"rendered":"https:\/\/incuba.azores.gov.pt\/ForumAPR2025\/?post_type=orador&#038;p=248"},"modified":"2025-11-13T16:54:38","modified_gmt":"2025-11-13T16:54:38","slug":"guilherme-vitorino","status":"publish","type":"orador","link":"https:\/\/incuba.azores.gov.pt\/ForumAPR2025\/orador\/guilherme-vitorino\/","title":{"rendered":"Guilherme Vitorino"},"content":{"rendered":"<p>Guilherme Victorino \u00e9 Subdiretor da NOVA Information Management School (NOVA IMS) para a \u00e1rea de Cria\u00e7\u00e3o de Valor e Coordenador do NOVA Innovation &amp; Analytics Lab. A sua investiga\u00e7\u00e3o centra-se na aplica\u00e7\u00e3o do Design Thinking e das metodologias de inova\u00e7\u00e3o \u00e0 Gest\u00e3o da Informa\u00e7\u00e3o, impulsionando o desenvolvimento de iniciativas em Ci\u00eancia de Dados, Intelig\u00eancia Artificial e Transforma\u00e7\u00e3o Digital. Professor nas \u00e1reas de Inova\u00e7\u00e3o, Gest\u00e3o da Mudan\u00e7a e do Conhecimento, coordena a P\u00f3s-Gradua\u00e7\u00e3o em Gest\u00e3o de Informa\u00e7\u00e3o e BI em Sa\u00fade e o curso de Design Thinking da Escola Doutoral da Universidade Nova de Lisboa. \u00c9 tamb\u00e9m autor do livro \u201cDesign Thinking: da Inspira\u00e7\u00e3o \u00e0 Inova\u00e7\u00e3o\u201d.<\/p>\n<p>Com um percurso que cruza o mundo acad\u00e9mico e empresarial, tem desenvolvido investiga\u00e7\u00e3o, consultoria e programas executivos em parceria com empresas e institui\u00e7\u00f5es p\u00fablicas, abordando temas como inova\u00e7\u00e3o, design de novos produtos e foresight estrat\u00e9gico. Como consultor e formador certificado em Design Thinking e Change Management, tem liderado in\u00fameros projetos e workshops internacionais, promovendo novas abordagens \u00e0 inova\u00e7\u00e3o e \u00e0 transforma\u00e7\u00e3o organizacional nos setores p\u00fablico, privado e social.<\/p>\n","protected":false},"featured_media":251,"parent":0,"template":"","meta":{"_acf_changed":false},"forum":[2],"class_list":["post-248","orador","type-orador","status-publish","has-post-thumbnail","hentry"],"acf":[],"_links":{"self":[{"href":"https:\/\/incuba.azores.gov.pt\/ForumAPR2025\/wp-json\/wp\/v2\/orador\/248","targetHints":{"allow":["GET"]}}],"collection":[{"href":"https:\/\/incuba.azores.gov.pt\/ForumAPR2025\/wp-json\/wp\/v2\/orador"}],"about":[{"href":"https:\/\/incuba.azores.gov.pt\/ForumAPR2025\/wp-json\/wp\/v2\/types\/orador"}],"wp:featuredmedia":[{"embeddable":true,"href":"https:\/\/incuba.azores.gov.pt\/ForumAPR2025\/wp-json\/wp\/v2\/media\/251"}],"wp:attachment":[{"href":"https:\/\/incuba.azores.gov.pt\/ForumAPR2025\/wp-json\/wp\/v2\/media?parent=248"}],"wp:term":[{"taxonomy":"forum","embeddable":true,"href":"https:\/\/incuba.azores.gov.pt\/ForumAPR2025\/wp-json\/wp\/v2\/forum?post=248"}],"curies":[{"name":"wp","href":"https:\/\/api.w.org\/{rel}","templated":true}]}}

<p>Guilherme Victorino é Subdiretor da NOVA Information Management School (NOVA IMS) para a área de Criação de Valor e Coordenador do NOVA Innovation &amp; Analytics Lab. A sua investigação centra-se na aplicação do Design Thinking e das metodologias de inovação à Gestão da Informação, impulsionando o desenvolvimento de iniciativas em Ciência de Dados, Inteligência Artificial e Transformação Digital. Professor nas áreas de Inovação, Gestão da Mudança e do Conhecimento, coordena a Pós-Graduação em Gestão de Informação e BI em Saúde e o curso de Design Thinking da Escola Doutoral da Universidade Nova de Lisboa. É também autor do livro “Design Thinking: da Inspiração à Inovação”.</p>
<p>Com um percurso que cruza o mundo académico e empresarial, tem desenvolvido investigação, consultoria e programas executivos em parceria com empresas e instituições públicas, abordando temas como inovação, design de novos produtos e foresight estratégico. Como consultor e formador certificado em Design Thinking e Change Management, tem liderado inúmeros projetos e workshops internacionais, promovendo novas abordagens à inovação e à transformação organizacional nos setores público, privado e social.</p>
